on divisor of 6 and r?
6
Suppose 3*d = -2*a + 83, 0 = 3*d - 7*a + 4*a - 93. Calculate the highest common factor of 58 and d.
29
Suppose 5*g = -2*r - 2*r + 87, 0 = -g + 5*r. Let n be (-52)/65*(-25)/2. What is the highest common factor of n and g?
5
Let h(s) = s**2 + 12*s + 2. Let z be h(-12). Suppose k = 32 - z. What is the highest common factor of k and 45?
15
Suppose -3 - 9 = -3*p. Suppose 5*x + 17 = -2*y - y, -5*x = -4*y + 24. Let c = y + 1. What is the highest common factor of c and p?
2
Suppose -47 - 353 = -8*y. What is the greatest common divisor of 125 and y?
25
Suppose 2*n = -5*t, 10 = -3*n + n. Let b be 8/(-4) - (-196)/t. What is the highest common factor of 24 and b?
24
Let z be ((-24)/(-10))/(-3*1/(-15)). Calculate the highest common divisor of z and 84.
12
Let c(d) be the third derivative of -d**5/60 - d**4/3 - d**3/6 + 2*d**2. Let s be c(-6). Let n = 2 - -20. Calculate the highest common factor of n and s.
11
Let x = 9 + -6. Suppose -189 = -x*v + 15. What is the highest common divisor of 17 and v?
17
Suppose -3*y - k = -206, k + k = y - 78. Let l = y + -26. Calculate the greatest common factor of 4 and l.
4
Suppose 3*w = -w - 4, -5*h + 5*w + 20 = 0. Suppose 100 = h*r - 65. Let c = 32 - 10. Calculate the highest common factor of c and r.
11
Suppose 4*o = 7*o - 30. What is the greatest common factor of o and 50?
10
Let v(r) = r**2 - 8*r + 2. Suppose 0*k = k - 9. Let h be v(k). Calculate the highest common divisor of 77 and h.
11
Let g be -2 + (716/12 - (-1)/3). What is the highest common divisor of g and 29?
29
Let h(s) = -5*s + 2*s - 1 - s. Suppose -4*x + 3*x - 3 = 0. Let d be h(x). Calculate the greatest common divisor of 99 and d.
11
Let z be (-2)/3*(-18)/4. Suppose -z*h + 96 = -0*h. Suppose 0 = -r + 4*c - 12, -5 = -0*c - c. What is the greatest common factor of r and h?
8
Let i(d) = 3*d**2 - 2*d + 2. Let a be i(2). Calculate the greatest common divisor of a and 60.
10
Suppose s = 5*q - 14, -q + 8 = -0*q + 5*s. What is the greatest common divisor of 21 and q?
3
Suppose 0 = 7*t - 327 + 61. What is the greatest common factor of 266 and t?
38
Suppose -2*h + 5*h + 5*r - 187 = 0, -4*h - 4*r + 252 = 0. Calculate the greatest common factor of h and 16.
16
Let w(s) = -s**2 + 8*s + 12. Suppose 13 + 23 = 4*h. Let i be w(h). Suppose 3*o - 19 = -4*d, d = 5*o - i*d - 21. Calculate the highest common factor of o and 1.
1
Let p(g) = -g**3 - g**2 - g + 9. Let m be p(0). Let u = 14 - m. Calculate the highest common divisor of 10 and u.
5
Let f = 0 - -16. What is the greatest common factor of f and 32?
16
Let z = 14 + 4. Suppose -2*c - v - 2*v = -z, 5*c - 70 = 5*v. Calculate the highest common factor of 36 and c.
12
Suppose 0 = 4*x + 5*q - 101, -x - x = -5*q - 13. Suppose -2*c + 3*t + 308 = 2*t, 0 = c - 3*t - 164. What is the highest common divisor of c and x?
19
Let z = -9 + 22. Suppose 31 = q - 2*m, -5*q + 0*q + m = -191. Calculate the highest common factor of z and q.
13
Let g(y) = y**3 - 5*y**2 - 4*y - 2. Let k be g(6). Let d = 3 + -7. Let b be (-201)/(-39) + d/26. What is the greatest common factor of b and k?
5
Let i(c) = c**3 - c + 25. Let b be i(0). What is the greatest common divisor of 5 and b?
5
Suppose 3*o - 21 = 60. Let q(b) be the third derivative of -b**4/24 + b**3/2 - 3*b**2. Let g be q(0). Calculate the highest common divisor of g and o.
3
Suppose 3*n + 2*n - 140 = -s, 4*n - 5*s - 112 = 0. Calculate the greatest common factor of n and 112.
28
Suppose 5*b + 0*b = 25. Suppose -b*r + 14 = 2*i - 126, 3*i + 3*r = 210. Calculate the greatest common factor of i and 10.
10
Suppose 3*x + 2 = 14. Suppose -45 = -3*t - 4*j, 5*j + 25 + 4 = x*t. Calculate the highest common divisor of t and 11.
11
Let z = 8 - -8. What is the greatest common factor of z and 128?
16
Suppose -5*x + 0*b + 1037 = 2*b, 2*x - 414 = -b. What is the highest common divisor of 19 and x?
19
Let u(y) = -3*y**2 - 2*y + 1. Let c be u(1). Let t be 12/(-9)*(-6)/c. Let i be 3 + t - 20/(-2). What is the greatest common divisor of 88 and i?
11
Suppose 4*i - 28 - 12 = 0. Let c be (0 - (-360 - 2)) + -2. Suppose 0*b - 4*b + 3*m = -c, -b - 3*m = -90. What is the highest common factor of i and b?
10
Let k be ((-28)/(-5))/(2/40). Let p be (-3)/15 + k/10. Let q = 22 - 11. Calculate the highest common divisor of q and p.
11
Let i = -27 - -27. Suppose -7*f = -i*f - 140. Calculate the highest common factor of f and 20.
20
Suppose 0 = 5*v - 2*v + 6. Let g be v/(-7) - (-480)/35. Suppose -2 - g = -4*z. What is the greatest common divisor of z and 28?
4
Let b(s) = s**3 + 5*s**2 + 3*s + 3. Suppose -y + 1 = 4. Let x be b(y). What is the highest common factor of x and 60?
12
Let z(l) = -l - 2. Let u be z(-7). Calculate the greatest common divisor of 1 and u.
1
Suppose -1276 = -0*f - 4*f. What is the greatest common divisor of 29 and f?
29
Suppose 3*i = 21 + 291. Let k = 109 + -77. Suppose -3*u + 12 + 23 = 2*m, 0 = 2*u - 3*m - k. Calculate the greatest common divisor of i and u.
13
Let n be (((-16)/10)/1)/(28/(-1470)). What is the greatest common factor of 210 and n?
42
Let f = 16 + -16. Suppose -5*z + 41 = 3*d, 5*z + f*z - 63 = -4*d. What is the highest common divisor of 11 and d?
11
Suppose -4 = -q - 2. Let h(y) = 4*y**2 - 2*y + 2. Let z be h(q). What is the greatest common factor of z and 2?
2
Let s(c) = -2*c**3 + 4*c**2 + c - 3. Let q be s(-3). What is the highest common divisor of q and 12?
12
Suppose -3*v - b + 85 = 0, v - b - 10 = -5*b. What is the greatest common divisor of 10 and v?
10
Let z(x) = x**3 + 6*x**2 - 3*x - 6. Let n be z(-5). What is the highest common divisor of n and 34?
34
Let a = -72 + -162. Let c be 1/(-3*3/a). What is the highest common factor of 234 and c?
26
Let x = 4 + -1. Suppose -3*f + 28 = 1. Suppose 3*b - f = 18. What is the highest common factor of b and x?
3
Let q = -123 + 198. Calculate the highest common factor of 30 and q.
15
Suppose 28 = -6*f + 784. Calculate the greatest common factor of f and 14.
14
Suppose 0 = k + 4*k - 55. What is the highest common divisor of k and 88?
11
Let x(z) = -z**2 - 6*z - 1. Let s be x(-3). Suppose 4*l + s = k, 2*k + 5*l = -k + 7. Suppose 4*g = 3*g + k. Calculate the greatest common factor of g and 4.
4
Let y = 31 - 3. Let c = y - 16. What is the highest common factor of c and 6?
6
Let d(p) = 2*p - 10. Let c be d(6). What is the greatest common divisor of 2 and c?
2
Suppose 3*n - 2 - 4 = 0. Suppose -n*l + 12 = -0*l. What is the highest common factor of l and 30?
6
Let v be (-675)/15*(-3)/5. What is the greatest common divisor of 9 and v?
9
Suppose -14 = o + 6. Let j = 30 + o. Calculate the highest common factor of 110 and j.
10
Let i = 2 - 8. Let c = 27 - i. Let d be 6/(-9) - (-70)/6. Calculate the greatest common divisor of c and d.
11
Suppose 36 = 4*w - 4*l, w = -2*w + 2*l + 22. Calculate the greatest common divisor of w and 28.
4
Let y be 3/((2 - -1)/(-3)). Let i be 354/(-9) - y/9. Let o be 2 - 2/2 - i. What is the highest common divisor of 16 and o?
8
Let k(f) = -f**2 + 14*f - 11. Let n be k(9). Suppose 2*j - 1128 = -2*j. Let z = j - 197. What is the greatest common factor of n and z?
17
Let w(d) = d + 5. Let n be w(6). Let l(f) be the second derivative of f**5/20 - 5*f**3/6 + 3*f. Let z be l(4). What is the greatest common divisor of z and n?
11
Suppose -5*h = -5*v - 15, 1 = 3*v - h + 2. Let l be (-72)/(-2) - (-1 + v). Calculate the highest common divisor of 18 and l.
18
Let k = -1 + 10. Let l be (1 + k)/(2/4). Calculate the highest common factor of 10 and l.
10
Let s(a) = 5*a - 2. Let f be s(6). Suppose -5*k + f = -k. Calculate the highest common factor of k and 7.
7
Let r = 36 + 129. Calculate the highest common factor of r and 33.
33
Let y = -6 - -8. Let n be (0 - y)/1 + 4. Suppose -n*p = -p - 2. Calculate the greatest common divisor of 6 and p.
2
Let m = 45 - 11. What is the highest common divisor of m and 170?
34
Suppose 7*u + 3 = 640. What is the greatest common divisor of u and 7?
7
Let g = -114 - -165. Let c(n) = 16*n + 1. Suppose 0 = -a + 4 - 3. Let f be c(a). Calculate the greatest common factor of f and g.
17
Let g(f) = f**2 - 9. Let u be g(4). Let v(j) = 5*j**2 - 3. Let n be v(-4). Calculate the highest common divisor of u and n.
7
Suppose -3*q + 0*q + 6 = 0. Suppose 5 = -2*i + s + 19, 0 = 5*i + q*s - 53. Let 